+ 5*z**u + z**2. Give m(r).
7
Let j(d) = -d**2. Let s(n) = -n**3 + 2*n**2 - 6*n - 7. Let u(q) = -8*j(q) - s(q). Determine u(-4).
15
Let i(z) = -103*z - 1145. Let n(b) = -1650*b - 18320. Let u(o) = 65*i(o) - 4*n(o). Determine u(-12).
-5
Let y(w) = -2*w + 3. Let c be y(-4). Let k(b) = -4*b + 6954 - 5*b - 6941 - 4*b + b**2. Calculate k(c).
-9
Let n(r) = -2*r**2 + 37*r - 22. Let x be ((-144)/(16/2))/(7/(-7)). Calculate n(x).
-4
Let f(x) = x - 8. Suppose -13 + 7 = -2*q, -3*q + 13 = 4*o. Suppose -2*h + u - o = -13, 2*h = -u + 16. Give f(h).
-1
Suppose -t - 8 = -5*d, -4*t + 80 = t + 5*d. Suppose 5*u - 20 = -4*l, 5*l - 3*l - 8 = -2*u. Suppose l = -7*a - t + 40. Let n(y) = -y**2 + 5*y - 5. Give n(a).
-1
Let m(z) = -15*z - 129. Let n(j) = -12*j + 735. Let a be n(62). Give m(a).
6
Let y(o) be the second derivative of -o**4/12 - 8*o**3/3 - 61*o**2/2 - 79*o - 2. Let q be y(-9). Let k(l) = 3*l**2 + 1 + 1 + l - 2*l**2. What is k(q)?
8
Suppose 14*j + 108*j = -610. Let v(r) = r**3 + 7*r**2 + 2*r - 12. Determine v(j).
28
Let i be (-40)/(11 + -9 - (-10)/(-6)). Let l = i + 126. Let w(o) = -1 + o**3 - 5*o**2 - 2 - 6*o + 4. Give w(l).
1
Let g = -10356 + 10344. Let j(z) be the third derivative of -z**4/24 - 4*z**3 + 9*z**2. Determine j(g).
-12
Let r = -2656 + 2663. Let u(w) = -20*w + 141. Give u(r).
1
Let k(u) be the second derivative of u**4/24 - u**3/3 + 39*u**2/2 + 22*u. Let h(o) be the first derivative of k(o). Calculate h(6).
4
Let p(s) = s**3 - 3*s**2 - 12*s + 12. Let i be p(5). Let z(g) = 2*g**3 + 4*g**2 - g - g**3 + 2*g**i - 3*g**2. Determine z(-3).
3
Let t(c) = 7033 - 7042 - 9*c + 3*c. Suppose 0*g - 3*a - 27 = 2*g, -2*a - 4 = -g. Determine t(g).
27
Let u = 19 - 22. Let r(c) be the third derivative of -c**6/60 - c**5/15 + 24*c**2 - 2. Determine r(u).
18
Let a(w) be the second derivative of w**4/12 + 19*w**3/6 - 3*w**2/2 + 183*w + 1. Let x be a(0). Let f(g) = 2*g**2 + 6*g + 7. Calculate f(x).
7
Let m(g) = -12706*g + 6347*g + 6352*g + g**2 + 5. Suppose 4*w - 17 = w + x, 5*w = 4*x + 19. Determine m(w).
5
Let f be 8/(-3)*6/(-4). Let b be f/3*(-48)/(-32). Let k(j) = 4*j**b + 3 - 3*j**2 - 2*j + 6*j. What is k(-6)?
15
Let y(d) = -283*d - 289*d - 26*d**2 + 2 - 9 + 574*d - 2*d**3. Determine y(-13).
-33
Let t(f) = f**2 - f + 7. Let i be ((-14)/(-3) - 5)/((-1)/3). Let q be 5 - (i - -10) - -6. Determine t(q).
7
Let p(a) = a**3 + 30*a**2 + 29*a - 14. Suppose -172 = 10*f + 118. What is p(f)?
-14
Let z(j) be the second derivative of -5*j**3/6 + 49*j**2 + 5*j + 23. Determine z(18).
8
Let x(i) = -10*i**3 - 4*i**2 - 2*i - 2. Let n = -807 - -806. Let f be x(n). Let l(m) = -m**3 + 5*m**2 + 8*m - 14. Give l(f).
-2
Let c(k) = -k + 19. Suppose 22*t - 13*t = 2403. Let z = t + -253. Give c(z).
5
Let b(n) = n**3 + 2*n**2 - 3*n + 3. Let p(k) = -k**3 - k**2 - 9*k - 3. Let q be p(-2). Suppose -22*a + q*a = 9. Calculate b(a).
3
Let l(j) = -2*j + 4. Let y be -3*1*1/(-1). Suppose -y*t - 128 + 134 = 0. Suppose 4*q - 12 = t*p, -2*q - 10 = -0*p - 5*p. What is l(p)?
-4
Let c be 1944/936 - (9 - (-140)/(-16) - (-9)/(-52)). Let v(l) = 0 - 4*l - 7*l + 4. What is v(c)?
-18
Let p(a) be the first derivative of 7*a**2/2 - 6*a - 139. Let l = -15 + 10. Let k(v) = -3*v + 3. Let q(x) = l*k(x) - 2*p(x). Determine q(5).
2
Let n(y) = 434*y - 6076. Let g be n(14). Let b(s) = -3*s**2 + 29. Calculate b(g).
29
Let k(x) = -14*x + 8. Let n be (-2 - 1)/((-6)/8). Calculate k(n).
-48
Let b(z) = -z**2 + 13*z - 31. Let f be 12/(-42)*-56 + -7 + 0. Give b(f).
5
Let i(w) = -w - 2. Let j be i(-3). Let y(x) = 29*x + 13. Let r be (8/(-10))/(20/150). Let q(z) = -15*z - 7. Let k(b) = r*y(b) - 11*q(b). Calculate k(j).
-10
Let b(w) be the first derivative of w**3/3 + 11*w**2/2 + 11*w + 9. Let o be 185/555*(-66)/2. Give b(o).
11
Let t(v) = -65*v - 3766. Let r be t(-58). Let p(x) = 26*x - 108. Determine p(r).
-4
Let f(d) = d**2 + d + 1. Let x(j) = 3*j**2 + 2*j + 24. Let q(k) = 8*k**2 + 5*k + 71. Let v(l) = -4*q(l) + 11*x(l). Let b(y) = -2*f(y) + v(y). Calculate b(0).
-22
Let a(n) be the first derivative of 2*n**3 - n**2/2 - n - 38. Let c = -46 + 31. Let k = c - -14. Give a(k).
6
Let k(h) = h**3 + 42 + 364*h**2 + 12*h - 37 - 352*h**2. Let m(u) = u - 10. Let l be m(10). Suppose l = 5*j - 2*j + 33. Determine k(j).
-6
Let q be -28 - 2/(0 - -2). Let r = q - -21. Let y(f) = 137*f**2 + 8*f - 7. Let l(w) = 103*w**2 + 8*w - 6. Let x(n) = 4*l(n) - 3*y(n). Give x(r).
-3
Let d = -4885 - -4855. Let c(a) = -2*a**2 - 61*a - 26. Determine c(d).
4
Let w(d) = -d + 2. Let m(t) = 3*t - 3. Let j(o) = m(o) + 6*w(o). Let v(h) = -h. Let l(z) = j(z) - v(z). Give l(-7).
23
Let g(k) be the first derivative of -k**5/60 - 7*k**4/24 - 4*k**3 - 6. Let d(u) be the third derivative of g(u). Let r be d(-5). Let o(q) = 3*q - 4. Give o(r).
5
Let j(s) be the first derivative of -s**6/360 - s**5/10 - 5*s**4/12 + s**3/3 - 8*s**2 + 104. Let p(i) be the third derivative of j(i). Calculate p(-8).
22
Let r(d) be the third derivative of 17*d**4/6 + 2*d**3/3 - 9750*d**2. Calculate r(1).
72
Let w(g) = 3*g**2 - 6*g + 6. Let p be 124/(-62) - ((-8)/(-6))/(6/(-9)). What is w(p)?
6
Let y be (2 + -5)/((-15)/2920*2). Let j(b) = -y*b + 95*b + 6 + 97*b + 96*b. Determine j(8).
-26
Let s(y) be the first derivative of y**4/4 + 6*y**3 + 33*y**2/2 + 18*y - 1165. Calculate s(-16).
2
Let r(x) = 15*x**2 - 2*x. Let t = -3441 + 3442. What is r(t)?
13
Let q(t) = -3*t**2 - 63*t - 62. Suppose -3*p = -p + 23 + 17. Determine q(p).
-2
Let x(t) be the third derivative of -5/6*t**3 + 3/8*t**4 + 1 + 29*t**2 + 1/60*t**5 + 0*t. Calculate x(-9).
-5
Let l(j) = -j**2 - 33*j - 162. Let s be l(-7). Let u(c) = -c**2 + 23*c - 66. What is u(s)?
-6
Let j(q) = 3*q**2 + q**3 + 148*q + 3*q**2 + 7 - 7*q**2 - 157*q - 7*q**2. Suppose 9 = 3*o - 2*o. Give j(o).
7
Let w(o) = o**2 + 21*o + 19. Let n(u) = u**3 + 22*u**2 + 6*u + 111. Let y be n(-22). What is w(y)?
19
Let b(d) = 80*d - 32*d - 469 + 505 + 2*d + 4*d**2 - 16*d. Calculate b(-7).
-6
Let a(u) = 13*u + 1. Let x be 3 - (-4 - (5 - 9)*1). Suppose 0 = 5*n + x*p + 5, 4*n + 2 = -5*p - 2. Determine a(n).
-12
Let s(h) = -834 + 761 + 1053*h - 1059*h. Give s(-11).
-7
Let y(j) = -38*j**3 - j**2 + 1. Suppose 138*c - 14*c + 214 = -90*c. Give y(c).
38
Let l(b) = 27*b**2 - 4*b + 5. Let x(w) = -28*w**2 + 5*w - 6. Let m(u) = u**3 - 12*u**2 - 26*u - 24. Let i be m(14). Let j(p) = i*x(p) + 5*l(p). Calculate j(1).
24
Let x(i) = -18 + 39*i - 57*i + 51 + 13*i. Calculate x(7).
-2
Let o be 3/(4*(-12)/(-176)). Let i(d) = o*d - 5*d - d - 6*d. Suppose 4*f + 4 = -0*f. Give i(f).
1
Let f(j) = j**3 + 3*j**2 + 4*j - 9. Let u be f(4). Let x = u - 114. Let d(w) = -w**2 + 2*w - 5. Calculate d(x).
-20
Let b = 300 + -221. Suppose b = 2*n + 87. Let s(i) = i**2 + 5*i + 4. Calculate s(n).
0
Let k(n) be the second derivative of -n**5/20 - 11*n**4/12 + n**3 - 13*n**2/2 + 79*n + 9. What is k(-11)?
-79
Let r(c) = -2 + 20*c - 62*c + 24*c - 1 + c**2 + 19*c. Suppose -4*g - 12 = -7*g. Suppose 0 = 2*d + 12 - g. Give r(d).
9
Let t(f) = 45302*f - f**2 + f**3 - 22653*f - 22654*f + 5. Determine t(2).
-1
Let w be (-13 - 7) + 42 + -28. Let j(k) = 2*k**3 + 12*k**2 + 7*k + 7. What is j(w)?
-35
Let i(h) = -h**2 - h + 67 - 67. Let b(n) be the first derivative of -n**2/2 - 4. Let z(j) = -b(j) + i(j). Calculate z(-1).
-1
Let f(c) = 2*c - 5. Let y be f(4). Let k(o) = 57*o**3 + 7 - 29*o**y + o - 27*o**3 - 6*o**2 + 0*o. Let l be -4*(-3)/(-12)*-5. What is k(l)?
-13
Let d(y) = -61*y**2 + 14*y + 15. Let i(t) = 92*t**2 - 16*t - 14. Let x(b) = 3*d(b) + 2*i(b). Calculate x(-4).
-7
Let v(g) = -g**3 - 20*g**2 + 18*g - 4. Let y be v(-21). Suppose -y*x + 52*x - 63 = 0. Let b(p) = 3*p + 13. Calculate b(x).
-14
Suppose -44*q = -7*q. Let h = 46 + -44. Let z(m) = 8 + m**2 + h*m**3 - 1 - m**3 + 1. What is z(q)?
8
Let p(y) be the first derivative of 3*y**2/2 - 81*y - 61. Let h be p(25). Let r(n) = n + 1. What is r(h)?
-5
Let o(g) = g + 9. Let v be -14 - -2 - 210/(-30). Determine o(v).
4
Let p(k) = -2*k - 10. Let z be -1*(-2 + -66) - 5. Let b be (-2)/6*z/((-6)/(-2)). Give p(b).
4
Let m(g) be the second derivative of -1/6*g**4 + 1/2*g**2 + 0 - 2*g + 1/6*g**3. Let c = 1219 - 1220. Give m(c).
-2
Let h(u) be the third derivative of 11*u**7/5040 + u**6/720 + u**5/12 + u**4/24 + 37*u**2. Let d(q) be the third derivative of h(q). What is d(-1)?
-1